{"id":375,"date":"2021-08-12T17:40:44","date_gmt":"2021-08-12T17:40:44","guid":{"rendered":"https:\/\/catalogo.spaciograficohn.com\/cat21_22\/?page_id=375"},"modified":"2024-10-11T20:25:35","modified_gmt":"2024-10-12T02:25:35","slug":"tecnologia","status":"publish","type":"page","link":"https:\/\/catalogo.spaciograficohn.com\/cat21_22\/tecnologia\/","title":{"rendered":"\u00c1rea de Tecnolog\u00eda"},"content":{"rendered":"\n<p class=\"has-text-align-left has-normal-font-size\">Nuestros libros del <strong>\u00c1rea de Tecnolog\u00eda <\/strong>en el Tercer Ciclo del nivel B\u00e1sico, apoyan la necesaria respuesta que la escuela debe dar ante los cambios vertiginosos y profundos que se viven en la actualidad.<\/p>\n\n\n\n<p>En nuestra editorial creemos que con los vertiginosos y desafiantes cambios de nuestra \u00e9poca actual, y espacialmente el conocimiento tecnol\u00f3gico, ha dejado de ser un lujo al que acceden unos pocos, para convertirse en ser una necesidad de muchos.<\/p>\n\n\n\n<p>Estos libros han sido preparados y cuidadosamente revisados, convencidos de que el objetivo esencial del aprendizaje de nuestros educandos es lograr que d\u00eda a d\u00eda, ser mejores hondure\u00f1os a efecto de lo cual se suministra la mayor cantidad de conocimientos y actividades, seg\u00fan el grado o nivel de estudio, procurando en todo caso que cada uno de los textos revistan claridad y sencillez<\/p>\n\n\n\n<p>Al hojearlos podr\u00e1s encontrar una serie de Proyectos Tecnol\u00f3gicos que te ayudar\u00e1n a usar adecuadamente los materiales de reciclaje.<\/p>\n\n\n\n<p>Todo lo contenido en los libros de texto, son fortalecidos en el \u00e1mbito digital por medio de nuestra plataforma de acompa\u00f1amiento, permitiendo el acceso a dicho libro de manera digital.<\/p>\n\n\n\n<p class=\"has-normal-font-size\">Para el \u00e1rea de Tecnolog\u00eda en B\u00e1sica nuestra editorial ofrece los siguientes libros de texto.<\/p>\n\n\n\n<div class=\"wp-block-media-text alignwide is-stacked-on-mobile\" style=\"grid-template-columns:20% auto\"><figure class=\"wp-block-media-text__media\"><img fetchpriority=\"high\" decoding=\"async\" width=\"281\" height=\"363\" src=\"https:\/\/catalogo.spaciograficohn.com\/cat21_22\/wp-content\/uploads\/2021\/08\/Portada-Tecnologia-7-Nueva-Edicion_281x363-281x363.jpg\" alt=\"\" class=\"wp-image-377 size-full\"\/><\/figure><div class=\"wp-block-media-text__content\">\n<p style=\"font-size:25px\">Libro de Tecnolog\u00eda de 7mo grado, 2da edici\u00f3n. <\/p>\n\n\n\n<ul class=\"wp-block-list\">\n<li>Idioma: Espa\u00f1ol<\/li>\n<\/ul>\n\n\n\n<ul class=\"wp-block-list\">\n<li>Nivel: B\u00e1sico<\/li>\n<\/ul>\n\n\n\n<p>  <img decoding=\"async\" width=\"30\" height=\"30\" class=\"wp-image-113\" style=\"width: 30px;\" src=\"https:\/\/catalogo.spaciograficohn.com\/cat21_22\/wp-content\/uploads\/2021\/08\/icono_visualizacion-e1628733297257.png\" alt=\"\">   <a href=\"https:\/\/www.catalogo2020.spaciograficohn.com\/cat2020\/2basica\/11tecno\/7%20tecno\/mobile\/index.html#p=1\" target=\"_blank\" rel=\"noreferrer noopener\">Vista previa del Libro<\/a><\/p>\n<\/div><\/div>\n\n\n\n<div style=\"height:20px\" aria-hidden=\"true\" class=\"wp-block-spacer\"><\/div>\n\n\n\n<hr class=\"wp-block-separator has-css-opacity\"\/>\n\n\n\n<div class=\"wp-block-media-text alignwide is-stacked-on-mobile\" style=\"grid-template-columns:20% auto\"><figure class=\"wp-block-media-text__media\"><img decoding=\"async\" width=\"281\" height=\"363\" src=\"https:\/\/catalogo.spaciograficohn.com\/cat21_22\/wp-content\/uploads\/2021\/08\/Portada-Tecnologia-8-Nueva-Edicion_281x363-281x363.jpg\" alt=\"\" class=\"wp-image-378 size-full\"\/><\/figure><div class=\"wp-block-media-text__content\">\n<p style=\"font-size:25px\">Libro de  Tecnolog\u00eda de 8vo grado, 2da edici\u00f3n. <\/p>\n\n\n\n<ul class=\"wp-block-list\">\n<li>Idioma: Espa\u00f1ol<\/li>\n<\/ul>\n\n\n\n<ul class=\"wp-block-list\">\n<li>Nivel: B\u00e1sico<\/li>\n<\/ul>\n\n\n\n<p>  <img decoding=\"async\" width=\"30\" height=\"30\" class=\"wp-image-113\" style=\"width: 30px;\" src=\"https:\/\/catalogo.spaciograficohn.com\/cat21_22\/wp-content\/uploads\/2021\/08\/icono_visualizacion-e1628733297257.png\" alt=\"\">   <a href=\"https:\/\/www.catalogo2020.spaciograficohn.com\/cat2020\/2basica\/11tecno\/8%20tecno\/mobile\/index.html#p=1\" target=\"_blank\" rel=\"noreferrer noopener\">Vista previa del Libro<\/a><\/p>\n<\/div><\/div>\n\n\n\n<div style=\"height:20px\" aria-hidden=\"true\" class=\"wp-block-spacer\"><\/div>\n\n\n\n<hr class=\"wp-block-separator has-css-opacity\"\/>\n\n\n\n<div class=\"wp-block-media-text alignwide is-stacked-on-mobile\" style=\"grid-template-columns:20% auto\"><figure class=\"wp-block-media-text__media\"><img loading=\"lazy\" decoding=\"async\" width=\"281\" height=\"363\" src=\"https:\/\/catalogo.spaciograficohn.com\/cat21_22\/wp-content\/uploads\/2021\/08\/Portada-Tecnologia-9-Nueva-Edicion_281x363-281x363.jpg\" alt=\"\" class=\"wp-image-379 size-full\"\/><\/figure><div class=\"wp-block-media-text__content\">\n<p style=\"font-size:25px\">Libro de  Tecnolog\u00eda de 9no grado, 2da edici\u00f3n. <\/p>\n\n\n\n<ul class=\"wp-block-list\">\n<li>Idioma: Espa\u00f1ol<\/li>\n<\/ul>\n\n\n\n<ul class=\"wp-block-list\">\n<li>Nivel: B\u00e1sico<\/li>\n<\/ul>\n\n\n\n<p>  <img decoding=\"async\" width=\"30\" height=\"30\" class=\"wp-image-113\" style=\"width: 30px;\" src=\"https:\/\/catalogo.spaciograficohn.com\/cat21_22\/wp-content\/uploads\/2021\/08\/icono_visualizacion-e1628733297257.png\" alt=\"\">   <a href=\"https:\/\/www.catalogo2020.spaciograficohn.com\/cat2020\/2basica\/11tecno\/9%20tecno\/mobile\/index.html#p=1\" target=\"_blank\" rel=\"noreferrer noopener\">Vista previa del Libro<\/a><\/p>\n<\/div><\/div>\n\n\n\n<div style=\"height:25px\" aria-hidden=\"true\" class=\"wp-block-spacer\"><\/div>\n\n\n\n<p class=\"has-background\" style=\"background-color:#cdcdcd\"><img loading=\"lazy\" decoding=\"async\" width=\"30\" height=\"30\" class=\"wp-image-516\" style=\"width: 30px;\" src=\"https:\/\/catalogo.spaciograficohn.com\/cat21_22\/wp-content\/uploads\/2021\/08\/recursoeducativosok.jpg_48x48.jpg\" alt=\"\"> Todos nuestros libros incluyen la&nbsp;<strong>GU\u00cdA DEL DOCENTE en forma digital<\/strong>, la cual puedes acceder desde el <strong>c\u00f3digo QR<\/strong> que aparece en su libro de texto, adem\u00e1s puede contar con la versi\u00f3n digital de los libros en nuestra Plataforma de Acompa\u00f1amiento.<\/p>\n\n\n\n<p><\/p>\n","protected":false},"excerpt":{"rendered":"<p>Nuestros libros del \u00c1rea de Tecnolog\u00eda en el Tercer Ciclo del nivel B\u00e1sico, apoyan la necesaria respuesta que la escuela debe dar ante los cambios vertiginosos y profundos que se viven en la actualidad. En nuestra editorial creemos que con los vertiginosos y desafiantes cambios de nuestra \u00e9poca actual, y espacialmente el conocimiento tecnol\u00f3gico, ha dejado de ser un lujo al que acceden unos pocos, para convertirse en ser una necesidad de muchos. Estos libros han sido preparados y cuidadosamente revisados, convencidos de que el objetivo esencial del aprendizaje de nuestros educandos es lograr que d\u00eda a d\u00eda, ser mejores hondure\u00f1os a efecto de lo cual se suministra la mayor cantidad de conocimientos y actividades, seg\u00fan el grado o nivel de estudio, procurando en todo caso que cada uno de los textos revistan claridad y sencillez Al hojearlos podr\u00e1s encontrar una serie de Proyectos Tecnol\u00f3gicos que te ayudar\u00e1n a usar&hellip;<\/p>\n<p> <a class=\"more-link\" href=\"https:\/\/catalogo.spaciograficohn.com\/cat21_22\/tecnologia\/\">Leer m\u00e1s<\/a><\/p>\n","protected":false},"author":1,"featured_media":0,"parent":0,"menu_order":0,"comment_status":"closed","ping_status":"closed","template":"","meta":{"footnotes":""},"class_list":["post-375","page","type-page","status-publish"],"_links":{"self":[{"href":"https:\/\/catalogo.spaciograficohn.com\/cat21_22\/wp-json\/wp\/v2\/pages\/375","targetHints":{"allow":["GET"]}}],"collection":[{"href":"https:\/\/catalogo.spaciograficohn.com\/cat21_22\/wp-json\/wp\/v2\/pages"}],"about":[{"href":"https:\/\/catalogo.spaciograficohn.com\/cat21_22\/wp-json\/wp\/v2\/types\/page"}],"author":[{"embeddable":true,"href":"https:\/\/catalogo.spaciograficohn.com\/cat21_22\/wp-json\/wp\/v2\/users\/1"}],"replies":[{"embeddable":true,"href":"https:\/\/catalogo.spaciograficohn.com\/cat21_22\/wp-json\/wp\/v2\/comments?post=375"}],"version-history":[{"count":7,"href":"https:\/\/catalogo.spaciograficohn.com\/cat21_22\/wp-json\/wp\/v2\/pages\/375\/revisions"}],"predecessor-version":[{"id":1199,"href":"https:\/\/catalogo.spaciograficohn.com\/cat21_22\/wp-json\/wp\/v2\/pages\/375\/revisions\/1199"}],"wp:attachment":[{"href":"https:\/\/catalogo.spaciograficohn.com\/cat21_22\/wp-json\/wp\/v2\/media?parent=375"}],"curies":[{"name":"wp","href":"https:\/\/api.w.org\/{rel}","templated":true}]}}