{"id":371,"date":"2021-08-12T08:23:10","date_gmt":"2021-08-12T08:23:10","guid":{"rendered":"https:\/\/catalogo.spaciograficohn.com\/cat21_22\/?page_id=371"},"modified":"2024-10-11T20:37:50","modified_gmt":"2024-10-12T02:37:50","slug":"plataforma-virtual","status":"publish","type":"page","link":"https:\/\/catalogo.spaciograficohn.com\/cat21_22\/plataforma-virtual\/","title":{"rendered":"Plataforma Virtual (EDUSPACIO)"},"content":{"rendered":"\n<p>Ediciones e Impresiones Spacio Gr\u00e1fico, cuenta con una Plataforma Virtual de Acompa\u00f1amiento Educativo (EDUSPACIO), la cual ha sido desarrollada con el fin de poder brindarle al docente una herramienta digital por medio de la cual pueda fortalecer las competencias de los educandos.<\/p>\n\n\n\n<div class=\"wp-block-media-text alignwide is-stacked-on-mobile\" style=\"grid-template-columns:39% auto\"><figure class=\"wp-block-media-text__media\"><img fetchpriority=\"high\" decoding=\"async\" width=\"306\" height=\"189\" src=\"https:\/\/catalogo.spaciograficohn.com\/cat21_22\/wp-content\/uploads\/2022\/10\/panta1_306x189-306x189.jpg\" alt=\"\" class=\"wp-image-845 size-full\"\/><\/figure><div class=\"wp-block-media-text__content\">\n<p>Nuestras plataforma hace uso del modelo B-Learning educativo, aprendizaje que combina el e-learning (encuentros asincr\u00f3nicos) con encuentros presenciales o virtual sincr\u00f3nicos, tomando las ventajas de ambos tipos de aprendizajes.<\/p>\n\n\n\n<p>Con la versatilidad presentada en la plataforma, la misma puede tener un modelo m-Learning, ya que los accesos no se restringen a un computador, la misma puede ser accedida desde cualquier dispositivo m\u00f3vil.<\/p>\n<\/div><\/div>\n\n\n\n<p>El personal de nuestra editorial se encarga de capacitar a los docentes y personal que estime pertinente el centro educativo, para que puedan hacer uso de la plataforma, logrando que los mismos centros educativos se empoderen de la plataforma misma.<\/p>\n\n\n\n<p>En la materias de matem\u00e1ticas y ciencias naturales, en el nivel b\u00e1sico; la plataforma cuenta con una amplia gama de actividades ya elaborados por el personal pedag\u00f3gico de la editorial, listos para ser utilizados por los docentes a lo largo de todo el a\u00f1o. En su mayor\u00eda dichas actividades son auto evaluables, optimizando de esta manera el tiempo docente.<\/p>\n\n\n\n<div class=\"wp-block-group\"><div class=\"wp-block-group__inner-container is-layout-flow wp-block-group-is-layout-flow\">\n<figure class=\"wp-block-gallery has-nested-images columns-default is-cropped wp-block-gallery-1 is-layout-flex wp-block-gallery-is-layout-flex\">\n<figure class=\"wp-block-image size-large\"><img decoding=\"async\" width=\"955\" height=\"658\" data-id=\"507\" src=\"https:\/\/catalogo.spaciograficohn.com\/cat21_22\/wp-content\/uploads\/2021\/08\/cap2-955x658.png\" alt=\"\" class=\"wp-image-507\" srcset=\"https:\/\/catalogo.spaciograficohn.com\/cat21_22\/wp-content\/uploads\/2021\/08\/cap2.png 955w, https:\/\/catalogo.spaciograficohn.com\/cat21_22\/wp-content\/uploads\/2021\/08\/cap2-768x529.png 768w\" sizes=\"(max-width: 955px) 100vw, 955px\" \/><\/figure>\n\n\n\n<figure class=\"wp-block-image size-large\"><img decoding=\"async\" width=\"965\" height=\"681\" data-id=\"508\" src=\"https:\/\/catalogo.spaciograficohn.com\/cat21_22\/wp-content\/uploads\/2021\/08\/cap3-965x681.png\" alt=\"\" class=\"wp-image-508\" srcset=\"https:\/\/catalogo.spaciograficohn.com\/cat21_22\/wp-content\/uploads\/2021\/08\/cap3.png 965w, https:\/\/catalogo.spaciograficohn.com\/cat21_22\/wp-content\/uploads\/2021\/08\/cap3-768x541.png 768w\" sizes=\"(max-width: 965px) 100vw, 965px\" \/><\/figure>\n\n\n\n<figure class=\"wp-block-image size-large\"><img loading=\"lazy\" decoding=\"async\" width=\"954\" height=\"675\" data-id=\"509\" src=\"https:\/\/catalogo.spaciograficohn.com\/cat21_22\/wp-content\/uploads\/2021\/08\/cap4-954x675.png\" alt=\"\" class=\"wp-image-509\" srcset=\"https:\/\/catalogo.spaciograficohn.com\/cat21_22\/wp-content\/uploads\/2021\/08\/cap4.png 954w, https:\/\/catalogo.spaciograficohn.com\/cat21_22\/wp-content\/uploads\/2021\/08\/cap4-768x543.png 768w\" sizes=\"(max-width: 954px) 100vw, 954px\" \/><\/figure>\n<\/figure>\n<\/div><\/div>\n\n\n\n<p>A los centros educativos les ofrecemos diferentes modelos de Acompa\u00f1amiento digital por medio de la plataforma:<\/p>\n\n\n\n<div class=\"wp-block-media-text alignwide is-stacked-on-mobile\" style=\"grid-template-columns:37% auto\"><figure class=\"wp-block-media-text__media\"><img loading=\"lazy\" decoding=\"async\" width=\"230\" height=\"184\" src=\"https:\/\/catalogo.spaciograficohn.com\/cat21_22\/wp-content\/uploads\/2022\/10\/panta2_230x184-230x184.jpg\" alt=\"\" class=\"wp-image-846 size-full\"\/><\/figure><div class=\"wp-block-media-text__content\">\n<p class=\"has-background has-large-font-size\" style=\"background-color:#cdcdcd\">Modelo Incluido<\/p>\n\n\n\n<ul class=\"wp-block-list\">\n<li>Es gratis, se incluye por la compra de su libro de texto.<\/li>\n\n\n\n<li>Disponibilidad 7\/24<\/li>\n\n\n\n<li>Seguridad en el acceso<\/li>\n\n\n\n<li>H\u00e1bitat digital individual por centro educativo<\/li>\n\n\n\n<li>Libro de calificaciones<\/li>\n\n\n\n<li>Reporte de actividades<\/li>\n\n\n\n<li>Mucho mas&#8230;<\/li>\n<\/ul>\n<\/div><\/div>\n\n\n\n<div class=\"wp-block-media-text alignwide has-media-on-the-right is-stacked-on-mobile\"><div class=\"wp-block-media-text__content\">\n<p class=\"has-background has-large-font-size\" style=\"background-color:#cdcdcd\">Modelo Privado<\/p>\n\n\n\n<ul class=\"wp-block-list\">\n<li>En este modelo, se dise\u00f1a junto al centro educativo un entorno personalizado educativo, que no solo incluye nuestros libros de texto, sino todos los insumos a los cuales el centro tenga acceso.<\/li>\n\n\n\n<li>Inversi\u00f3n econ\u00f3mica diferida de la compra del libro.<span style=\"color: initial;\"> <\/span><\/li>\n<\/ul>\n<\/div><figure class=\"wp-block-media-text__media\"><img loading=\"lazy\" decoding=\"async\" width=\"1021\" height=\"580\" src=\"https:\/\/catalogo.spaciograficohn.com\/cat21_22\/wp-content\/uploads\/2021\/08\/educacion-digital-01-1021x580-1-1021x580.jpg\" alt=\"\" class=\"wp-image-513 size-full\" srcset=\"https:\/\/catalogo.spaciograficohn.com\/cat21_22\/wp-content\/uploads\/2021\/08\/educacion-digital-01-1021x580-1.jpg 1021w, https:\/\/catalogo.spaciograficohn.com\/cat21_22\/wp-content\/uploads\/2021\/08\/educacion-digital-01-1021x580-1-768x436.jpg 768w\" sizes=\"(max-width: 1021px) 100vw, 1021px\" \/><\/figure><\/div>\n\n\n\n<p class=\"has-background\" style=\"background-color:#cdcdcd\">Cualquier consulta sobre nuestra plataforma de acompa\u00f1amiento digital, puedes hacerla por medio de nuestro link de cont\u00e1ctanos o enviando un email a <a href=\"mailto:webmaster@spaciograficohn.com\">webmaster@spaciograficohn.com<\/a><\/p>\n\n\n\n<p><\/p>\n","protected":false},"excerpt":{"rendered":"<p>Ediciones e Impresiones Spacio Gr\u00e1fico, cuenta con una Plataforma Virtual de Acompa\u00f1amiento Educativo (EDUSPACIO), la cual ha sido desarrollada con el fin de poder brindarle al docente una herramienta digital por medio de la cual pueda fortalecer las competencias de los educandos. Nuestras plataforma hace uso del modelo B-Learning educativo, aprendizaje que combina el e-learning (encuentros asincr\u00f3nicos) con encuentros presenciales o virtual sincr\u00f3nicos, tomando las ventajas de ambos tipos de aprendizajes. Con la versatilidad presentada en la plataforma, la misma puede tener un modelo m-Learning, ya que los accesos no se restringen a un computador, la misma puede ser accedida desde cualquier dispositivo m\u00f3vil. El personal de nuestra editorial se encarga de capacitar a los docentes y personal que estime pertinente el centro educativo, para que puedan hacer uso de la plataforma, logrando que los mismos centros educativos se empoderen de la plataforma misma. En la materias de matem\u00e1ticas y&hellip;<\/p>\n<p> <a class=\"more-link\" href=\"https:\/\/catalogo.spaciograficohn.com\/cat21_22\/plataforma-virtual\/\">Leer m\u00e1s<\/a><\/p>\n","protected":false},"author":1,"featured_media":0,"parent":0,"menu_order":0,"comment_status":"closed","ping_status":"closed","template":"","meta":{"footnotes":""},"class_list":["post-371","page","type-page","status-publish"],"_links":{"self":[{"href":"https:\/\/catalogo.spaciograficohn.com\/cat21_22\/wp-json\/wp\/v2\/pages\/371","targetHints":{"allow":["GET"]}}],"collection":[{"href":"https:\/\/catalogo.spaciograficohn.com\/cat21_22\/wp-json\/wp\/v2\/pages"}],"about":[{"href":"https:\/\/catalogo.spaciograficohn.com\/cat21_22\/wp-json\/wp\/v2\/types\/page"}],"author":[{"embeddable":true,"href":"https:\/\/catalogo.spaciograficohn.com\/cat21_22\/wp-json\/wp\/v2\/users\/1"}],"replies":[{"embeddable":true,"href":"https:\/\/catalogo.spaciograficohn.com\/cat21_22\/wp-json\/wp\/v2\/comments?post=371"}],"version-history":[{"count":7,"href":"https:\/\/catalogo.spaciograficohn.com\/cat21_22\/wp-json\/wp\/v2\/pages\/371\/revisions"}],"predecessor-version":[{"id":1214,"href":"https:\/\/catalogo.spaciograficohn.com\/cat21_22\/wp-json\/wp\/v2\/pages\/371\/revisions\/1214"}],"wp:attachment":[{"href":"https:\/\/catalogo.spaciograficohn.com\/cat21_22\/wp-json\/wp\/v2\/media?parent=371"}],"curies":[{"name":"wp","href":"https:\/\/api.w.org\/{rel}","templated":true}]}}